. Let q = g - -50. Calculate the remainder when 96 is divided by q.
30
Let z(o) = o**3 - 87*o**2 + 523*o - 5. Calculate the remainder when z(6) is divided by 56.
49
Let w = -31133 - -31186. Suppose -o - 1 = -4, 0 = 3*r + o - 24. Calculate the remainder when w is divided by r.
4
Let u(s) = 121*s - 207. Let g be u(16). What is the remainder when g/2 + 9/6 is divided by 30?
26
Let a(k) = k**2 + 6*k - 40. Let l = 298 + -310. Calculate the remainder when a(l) is divided by 12.
8
Suppose -3*i = s - 564, -151 = -2*i - s + 224. Calculate the remainder when 7367 is divided by i.
185
Let w = 38 - 12. Suppose w = -3*a + o + 73, 2*o = -a + 18. Let k = 1 + a. What is the remainder when k is divided by 4?
1
What is the remainder when 159 is divided by (-4356)/(-1386)*(-2 - 22/(-4))?
5
Let s = 21777 - 21660. What is the remainder when 808 is divided by s?
106
Let n(v) = v**3 + 12*v**2 - v - 6. Let x = -255 + 243. What is the remainder when 24 is divided by n(x)?
0
Calculate the remainder when ((-51)/(-102))/(1/60) is divided by 6 + -9 - -10 - -9.
14
Suppose -144*x + 3873 = -1455. Calculate the remainder when 154 is divided by x.
6
Calculate the remainder when (2475/110)/(15/36) is divided by 48.
6
Let t = -12621 + 13342. Let j(g) = -2*g + 7. Calculate the remainder when t is divided by j(-6).
18
Let m = 184 + -180. Suppose -84 = -m*g + g. Calculate the remainder when 82 is divided by g.
26
Let f be 80/24*9/5. Suppose f*c - 391 = -127. Let p = c + -26. What is the remainder when 33 is divided by p?
15
Suppose -5*f = -4*a + 10, a + 22*f - 25*f - 6 = 0. Let j be ((-980)/8)/(2/(-4)). Suppose a = 3*s + 4*s - j. Calculate the remainder when s is divided by 9.
8
Let m be 3 - (0/(-1) + 1). Suppose 125 = m*w + 3*w. Suppose -z = 4*b - 60, -z - 117 = 2*b - 183. Calculate the remainder when z is divided by w.
22
Let c(j) = 74*j**3 - 8*j**2 - 5*j + 19. What is the remainder when c(3) is divided by 14?
12
Let r = 738 - 532. Calculate the remainder when r is divided by 3975/100*(-8)/(-6).
47
Suppose -4*d - 16*a = -15*a + 6, 0 = -4*d - 2*a - 4. Let g be d/(-22)*-2 + 576/22. Let h = 213 - g. Calculate the remainder when h is divided by 47.
46
Suppose 6 = -3*o - 6, -3 = g + 2*o. Let t(p) = -2*p**2 + 176*p - 654. Calculate the remainder when t(84) is divided by g.
3
Let u(d) = d**3 + 2*d**2 - d + 18. Let t be u(0). Calculate the remainder when 158 is divided by (477/(-6) + 0)/(t/(-12)).
52
Suppose 0 = -3*y - 4*k + 147, -28*y = -34*y - 4*k + 294. What is the remainder when (478/3)/(2/3) is divided by y?
43
Let b(h) = -h**2 - 2*h + 1. Let z(y) = 7*y**2 - 8*y + 5. Let q(o) = 6*b(o) + z(o). What is the remainder when q(21) is divided by (-13 - -15) + 0/(-2)?
0
What is the remainder when 4211 is divided by 3/(-4) + 0 - (6538/(-56) + 8)?
107
Suppose -1700 = 112*m - 30797 + 1657. What is the remainder when m is divided by 54?
29
Suppose 81*t = 80*t + 11. Suppose 3*b = -5*f + 222, -4*f - t*b + 184 = -7*b. Calculate the remainder when f is divided by 4.
2
Suppose 0 = -2*a - a + 84. What is the remainder when 16/10 - 309732/(-3180) is divided by a?
15
Let k be (-21)/(-3) - 3 - (2 + 109). Let r = k + 157. Let w(c) = -c**2 + 6*c + 4. Calculate the remainder when r is divided by w(5).
5
Let a(m) = 5 - m + 3*m + 3*m - 3*m. What is the remainder when a(6) is divided by 8/10 - 6072/(-660)?
7
Let x(t) = -t**2 - 79*t - 787. What is the remainder when 1272 is divided by x(-13)?
65
Let b = -47 + 246. Suppose -11*z - 34 + b = 0. Calculate the remainder when 38 is divided by z.
8
Suppose 0 = -15*q + 26*q + 1430. Let h = -98 - q. What is the remainder when 445 is divided by h?
29
Let f be 15/(-3)*(-18)/(-10). Suppose -3*x + 249 = 5*y, -3*y + 9 = 3*x - 240. Calculate the remainder when x is divided by (663/(-52))/(f/12).
15
Suppose 482*z - 242*z = 237*z, x - 2*z = 82. What is the remainder when 884 is divided by x?
64
Suppose 13*u - 1 = 25. Suppose -38 = -u*m + 4*b, b + 38 = 2*m - 0*b. What is the remainder when m is divided by 5?
4
Suppose -3*o - 5*g + 0*g + 79 = 0, 0 = -4*o + 5*g + 152. Suppose 5*p + 3*c = 2155, -c + 1391 - 2670 = -3*p. Calculate the remainder when p is divided by o.
32
Suppose -5*g + 19 = -2*d - 4*g, -5 = -g. Let u = d + 35. Let p(t) = -t**3 - 100*t**2 - 478*t + 1. What is the remainder when u is divided by p(-5)?
12
Let y = 317 - 27. What is the remainder when y is divided by 115?
60
Suppose 31*l + 488 = 39*l. Suppose -3*x = -8*x + 3*w + 111, 3*x + w - l = 0. Calculate the remainder when 62 is divided by x.
20
Let x = -22 - -52. Let t = 111848 + -111310. Calculate the remainder when t is divided by x.
28
Suppose 7*g = 3*g - 4*p + 1132, 2*g + p - 569 = 0. Let y = 3095 - 3037. Calculate the remainder when g is divided by y.
54
Let m = 12 + -10. Let i = 755 + -752. What is the remainder when i is divided by m?
1
Suppose -a + 3*w = 4*w - 79, a - 85 = w. Let q(o) = o**2 + 75*o + 1313. Calculate the remainder when a is divided by q(-48).
14
Let l(c) = 3*c - 17. Let w be l(-4). Let i = w - -41. Calculate the remainder when 25 is divided by i.
1
Let z = -20840 - -20854. Let j = -122 + 244. What is the remainder when j is divided by z?
10
Let y(j) = j - 79. Let w(q) = 1. Let n(x) = -4*w(x) + y(x). Let l be n(0). Let u = l + 87. What is the remainder when 23 is divided by u?
3
Let y(d) = -36*d**2 - 5*d - 14. Let j be y(-2). Let i = j + 218. Calculate the remainder when i is divided by 21.
7
Let x be -5*(-3)/((-15)/(-22)). Suppose -4*b + 30 = x. Suppose -28 = -5*u + b. What is the remainder when 22 is divided by u?
4
Suppose 28*l - 64 = 27*l. Let h = -39 + l. Let y(q) = -29*q - 337. What is the remainder when y(-15) is divided by h?
23
Suppose -18*o + 1046 = -1294. Suppose 0 = -135*p + o*p + 385. What is the remainder when p is divided by 41?
36
Let u be 50/15 - (-4)/(-24)*8. Suppose -4*l + 20 = 0, -3*j + 4*l - 220 = u*j. What is the remainder when 213 is divided by -1 + -2 + 8/(j/(-285))?
51
Suppose 0 = -133*m - 234*m + 47343. What is the remainder when 401 is divided by m?
14
Let l = -598 - -717. What is the remainder when l is divided by 76?
43
Suppose -5*k + 15*k = -6*k + 224. Calculate the remainder when 429 is divided by k.
9
Let c = 29 + -109. Let q = 195 + c. Calculate the remainder when q is divided by 21.
10
Let t = 213 - 203. What is the remainder when (-3350)/30*(-18)/t is divided by 34?
31
Let t = 11758 - 10274. Calculate the remainder when t is divided by 49.
14
Suppose -5616 = -95*a - 22*a. What is the remainder when 132 is divided by a?
36
Let z(k) = 15 + 3 - 6 - 4*k. Let d be z(10). Let o = d - -67. Calculate the remainder when o is divided by 10.
9
Suppose 79*a + 5396 = -71*a + 76646. Suppose 3*s - 160 = b + 1, s - 5*b - 63 = 0. Calculate the remainder when a is divided by s.
51
Let f = 18166 - 18024. What is the remainder when 980 is divided by f?
128
Suppose -20 = 5*i, i + 90 = o + 9. Calculate the remainder when 254 is divided by o.
23
Let j = 15 + -10. Let y(c) = 34*c - 98. What is the remainder when y(j) is divided by 29?
14
Suppose -27*s + 22*s + 133 = l, 71 = 3*s + 5*l. What is the remainder when 1456 is divided by s?
25
Let y(z) = z**3 + 43*z**2 - 104*z - 114. Calculate the remainder when y(-45) is divided by 8.
4
Let s(o) = o**3 + 19*o**2 - 21*o - 15. Let q be s(-20). Suppose 0 = q*v, -5*v = -3*i + 37 + 161. What is the remainder when 260 is divided by i?
62
Suppose 330 = 14*z + z. Suppose 0 = -3*u + 5*u - 3*l - 3, -u + 5*l = 2. Suppose 3*t = -v, -3*t + 3 = u*v - 9. What is the remainder when z is divided by v?
4
Let v(x) = 691*x + 8875. What is the remainder when v(-11) is divided by 37?
16
Let y = 248 + -9. Let m = -228 + y. Calculate the remainder when 61 is divided by m.
6
Suppose 115*h - 77*h = 21508. Calculate the remainder when h is divided by 172.
50
Let x(f) = -f**3 + 37*f**2 + 78*f + 30. Let n(i) = i**2 + 2*i + 10. What is the remainder when n(-7) is divided by x(39)?
15
Suppose 0 = 6*f - 1446 - 2610. Let p = 715 - f. What is the remainder when 386 is divided by p?
35
Suppose -5*w + 2*r + 57 = 0, 3*r + 45 = -14*w + 17*w. Suppose 7*d = 3*d + 176. What is the remainder when d is divided by w?
8
Suppose 17*z - 29718 - 19780 - 12025 = 0. Calculate the remainder when z is divided by 17.
15
Suppose 60*v - 25609 - 1305 = -3574. What is the remainder when 4